6
What is the units digit of 24521?
1
What is the ten thousands digit of 10315?
1
What is the tens digit of 26172?
7
What is the units digit of 6685?
5
What is the tens digit of 24749?
4
What is the ten thousands digit of 32779?
3
What is the tens digit of 19845?
4
What is the hundreds digit of 1282?
2
What is the units digit of 268?
8
What is the thousands digit of 4199?
4
What is the ten thousands digit of 29720?
2
What is the units digit of 7828?
8
What is the tens digit of 26?
2
What is the thousands digit of 1317?
1
What is the tens digit of 876?
7
What is the thousands digit of 1717?
1
What is the units digit of 6467?
7
What is the ten thousands digit of 82175?
8
What is the hundreds digit of 1469?
4
What is the units digit of 7497?
7
What is the thousands digit of 108645?
8
What is the units digit of 8923?
3
What is the ten thousands digit of 31680?
3
What is the hundreds digit of 3919?
9
What is the ten thousands digit of 18779?
1
What is the units digit of 2498?
8
What is the units digit of 73954?
4
What is the tens digit of 1405?
0
What is the units digit of 89676?
6
What is the ten thousands digit of 19704?
1
What is the units digit of 49201?
1
What is the units digit of 2235?
5
What is the tens digit of 5666?
6
What is the tens digit of 9592?
9
What is the tens digit of 6316?
1
What is the ten thousands digit of 15384?
1
What is the hundreds digit of 31299?
2
What is the ten thousands digit of 51867?
5
What is the units digit of 2716?
6
What is the tens digit of 1685?
8
What is the units digit of 1970?
0
What is the hundreds digit of 38510?
5
What is the hundreds digit of 2439?
4
What is the thousands digit of 3346?
3
What is the units digit of 53?
3
What is the units digit of 1526?
6
What is the tens digit of 17138?
3
What is the thousands digit of 2475?
2
What is the hundreds digit of 1031?
0
What is the thousands digit of 5270?
5
What is the hundreds digit of 115?
1
What is the units digit of 1204?
4
What is the units digit of 1064?
4
What is the units digit of 44498?
8
What is the hundreds digit of 5839?
8
What is the tens digit of 839?
3
What is the units digit of 16781?
1
What is the ten thousands digit of 12379?
1
What is the ten thousands digit of 55578?
5
What is the tens digit of 28496?
9
What is the ten thousands digit of 153826?
5
What is the hundreds digit of 25058?
0
What is the tens digit of 1039?
3
What is the hundreds digit of 114?
1
What is the thousands digit of 3764?
3
What is the thousands digit of 1006?
1
What is the hundreds digit of 3899?
8
What is the hundreds digit of 3095?
0
What is the tens digit of 2926?
2
What is the thousands digit of 9429?
9
What is the thousands digit of 45550?
5
What is the tens digit of 875?
7
What is the hundreds digit of 2672?
6
What is the hundreds digit of 482?
4
What is the tens digit of 4685?
8
What is the units digit of 1324?
4
What is the units digit of 20182?
2
What is the ten thousands digit of 34202?
3
What is the tens digit of 612?
1
What is the thousands digit of 2073?
2
What is the tens digit of 1612?
1
What is the tens digit of 631?
3
What is the hundreds digit of 5462?
4
What is the units digit of 15943?
3
What is the units digit of 5796?
6
What is the thousands digit of 4685?
4
What is the tens digit of 1260?
6
What is the hundreds digit of 388?
3
What is the hundreds digit of 7005?
0
What is the hundreds digit of 34194?
1
What is the units digit of 2100?
0
What is the units digit of 1598?
8
What is the units digit of 725?
5
What is the tens digit of 11317?
1
What is the units digit of 502?
2
What is the tens digit of 934?
3
What is the tens digit of 1275?
7
What is the hundreds digit of 119279?
2
What is the hundreds digit of 1641?
6
What is the units digit of 22725?
5
What is the tens digit of 9480?
8
What is the hundreds digit of 2869?
8
What is the hundreds digit of 926?
9
What is the units digit of 887?
7
What is the units digit of 370?
0
What is the units digit of 57508?
8
What is the hundreds digit of 72219?
2
What is the units digit of 11698?
8
What is the hundreds digit of 2882?
8
What is the ten thousands digit of 60505?
6
What is the thousands digit of 5110?
5
What is the units digit of 3279?
9
What is the tens digit of 590?
9
What is the units digit of 1230?
0
What is the units digit of 111214?
4
What is the units digit of 31379?
9
What is the tens digit of 31688?
8
What is the ten thousands digit of 51972?
5
What is the thousands digit of 1164?
1
What is the thousands digit of 114579?
4
What is the thousands digit of 12708?
2
What is the tens digit of 147028?
2
What is the thousands digit of 4492?
4
What is the units digit of 22541?
1
What is the tens digit of 646?
4
What is the hundreds digit of 901?
9
What is the tens digit of 830?
3
What is the thousands digit of 4395?
4
What is the ten thousands digit of 30012?
3
What is the hundreds digit of 528?
5
What is the tens digit of 23507?
0
What is the ten thousands digit of 95499?
9
What is the tens digit of 2046?
4
What is the units digit of 4612?
2
What is the units digit of 18483?
3
What is the ten thousands digit of 68739?
6
What is the units digit of 174554?
4
What is the units digit of 910?
0
What is the tens digit of 8250?
5
What is the tens digit of 10736?
3
What is the thousands digit of 174198?
4
What is the hundreds digit of 11663?
6
What is the units digit of 800?
0
What is the thousands digit of 119944?
9
What is the units digit of 134549?
9
What is the hundreds digit of 83162?
1
What is the thousands digit of 37013?
7
What is the tens digit of 14346?
4
What is the ten thousands digit of 33606?
3
What is the units digit of 789?
9
What is the ten thousands digit of 48706?
4
What is the units digit of 436?
6
What is the thousands digit of 5178?
5
What is the units digit of 53?
3
What is the hundreds digit of 1002?
0
What is the hundreds digit of 454?
4
What is the tens digit of 5103?
0
What is the tens digit of 36?
3
What is the hundreds digit of 2811?
8
What is the units digit of 42037?
7
What is the thousands digit of 2694?
2
What is the units digit of 2285?
5
What is the thousands digit of 1240?
1
What is the hundreds digit of 18282?
2
What is the hundreds digit of 69231?
2
What is the tens digit of 10355?
5
What is the units digit of 344?
4
What is the units digit of 78390?
0
What is the hundreds digit of 15410?
4
What is the units digit of 3412?
2
What is the ten thousands digit of 46201?
4
What is the hundreds digit of 77290?
2
What is the tens digit of 53853?
5
What is the ten thousands digit of 18571?
1
What is the tens digit of 5286?
8
What is the tens digit of 1043?
4
What is the tens digit of 122?
2
What is the tens digit of 29747?
4
What is the thousands digit of 19009?
9
What is the tens digit of 527?
2
What is the thousands digit of 25475?
5
What is the tens digit of 340?
4
What is the tens digit of 25322?
2
What is the units digit of 2539?
9
What is the units digit of 633?
3
What is the thousands digit of 2289?
2
What is the units digit of 108?
8
What is the hundreds digit of 2245?
2
What is the units digit of 1543?
3
What is the units digit of 22193?
3
What is the hundreds digit of 28514?
5
What is the units digit of 8122?
2
What is the ten thousands digit of 48330?
4
What is the tens digit of 6356?
5
What is the hundreds digit of 291?
2
What is the tens digit of 13262?
6
What is the units digit of 19922?
2
What is the thousands digit of 31891?
1
What is the tens digit of 160?
6
What is the hundreds digit of 19074?
0
What is the tens digit of 1571?
7
What is the hundreds digit of 2867?
8
What is the thousands digit of 23261?
3
What is the ten thousands digit of 21790?
2
What is the tens digit of 578?
7
What is the tens digit of 1714?
1
What is the units digit of 457?
7
What is the units digit of 8604?
4
What is the units digit of 538?
8
What is the ten thousands digit of 12151?
1
What is the units digit of 717?
7
What is the units digit of 1172?
2
What is the hundreds digit of 1017?
0
What is the tens digit of 17013?
1
What is the units digit of 1849?
9
What is the hundreds digit of 2463?
4
What is the units digit of 1894?
4
What is the hundreds digit of 83238?
2
What is the units digit of 22455?
5
What is the units digit of 14171?
1
What is the thousands digit of 80147?
